{"id":69,"date":"2021-06-07T08:52:21","date_gmt":"2021-06-07T08:52:21","guid":{"rendered":"https:\/\/new-irina.novaworks.net\/?page_id=69"},"modified":"2024-10-23T12:52:15","modified_gmt":"2024-10-23T12:52:15","slug":"contacto","status":"publish","type":"page","link":"https:\/\/aflamegroup.com\/studio\/contacto\/","title":{"rendered":"Contacto"},"content":{"rendered":"\t\t<div data-elementor-type=\"wp-page\" data-elementor-id=\"69\" class=\"elementor elementor-69\" data-elementor-post-type=\"page\">\n\t\t\t\t\t\t<section class=\"elementor-section elementor-top-section elementor-element elementor-element-6c762c3 elementor-section-boxed elementor-section-height-default elementor-section-height-default\" data-id=\"6c762c3\" data-element_type=\"section\" data-settings=\"{&quot;background_background&quot;:&quot;classic&quot;}\">\n\t\t\t\t\t\t<div class=\"elementor-container elementor-column-gap-default\">\n\t\t\t\t\t<div class=\"elementor-column elementor-col-50 elementor-top-column elementor-element elementor-element-3af835a kitify-col-width-auto-no kitify-disable-relative-no\" data-id=\"3af835a\" data-element_type=\"column\">\n\t\t\t<div class=\"elementor-widget-wrap elementor-element-populated\">\n\t\t\t\t\t\t<div class=\"elementor-element elementor-element-93a2038 elementor-widget elementor-widget-heading\" data-id=\"93a2038\" data-element_type=\"widget\" data-widget_type=\"heading.default\">\n\t\t\t\t<div class=\"elementor-widget-container\">\n\t\t\t<h2 class=\"elementor-heading-title elementor-size-default\">Let's Talk<\/h2>\t\t<\/div>\n\t\t\t\t<\/div>\n\t\t\t\t\t<\/div>\n\t\t<\/div>\n\t\t\t\t<div class=\"elementor-column elementor-col-50 elementor-top-column elementor-element elementor-element-fe6ff99 kitify-col-width-auto-no kitify-disable-relative-no\" data-id=\"fe6ff99\" data-element_type=\"column\">\n\t\t\t<div class=\"elementor-widget-wrap elementor-element-populated\">\n\t\t\t\t\t\t<div class=\"elementor-element elementor-element-7e6025b elementor-widget elementor-widget-text-editor\" data-id=\"7e6025b\" data-element_type=\"widget\" data-widget_type=\"text-editor.default\">\n\t\t\t\t<div class=\"elementor-widget-container\">\n\t\t\t\t\t\t\t<p>Si tienes preguntas o necesitas saber m\u00e1s, por favor completa este formulario para solicitar la informaci\u00f3n que necesitas. Ser\u00e1 un placer ayudarte.<\/p>\t\t\t\t\t\t<\/div>\n\t\t\t\t<\/div>\n\t\t\t\t<div class=\"elementor-element elementor-element-7b3f67d elementor-widget-divider--view-line elementor-widget elementor-widget-divider\" data-id=\"7b3f67d\" data-element_type=\"widget\" data-widget_type=\"divider.default\">\n\t\t\t\t<div class=\"elementor-widget-container\">\n\t\t\t\t\t<div class=\"elementor-divider\">\n\t\t\t<span class=\"elementor-divider-separator\">\n\t\t\t\t\t\t<\/span>\n\t\t<\/div>\n\t\t\t\t<\/div>\n\t\t\t\t<\/div>\n\t\t\t\t<section class=\"elementor-section elementor-inner-section elementor-element elementor-element-a9cac0e elementor-section-boxed elementor-section-height-default elementor-section-height-default\" data-id=\"a9cac0e\" data-element_type=\"section\">\n\t\t\t\t\t\t<div class=\"elementor-container elementor-column-gap-default\">\n\t\t\t\t\t<div class=\"elementor-column elementor-col-50 elementor-inner-column elementor-element elementor-element-a3689f9 kitify-col-width-auto-no kitify-disable-relative-no\" data-id=\"a3689f9\" data-element_type=\"column\">\n\t\t\t<div class=\"elementor-widget-wrap elementor-element-populated\">\n\t\t\t\t\t\t<div class=\"elementor-element elementor-element-ba3bd7e elementor-widget elementor-widget-text-editor\" data-id=\"ba3bd7e\" data-element_type=\"widget\" data-widget_type=\"text-editor.default\">\n\t\t\t\t<div class=\"elementor-widget-container\">\n\t\t\t\t\t\t\t<p><strong>FIND US<\/strong><\/p><p>C\/ Gran V\u00eda 17A, 3<\/p><p>28013, Madrid<\/p><p>Espa\u00f1a<\/p><p><a href=\"tel:+34676731824\">+34 676 731 824<\/a><\/p><p><a href=\"mailto:studio@aflamegroup.com\">studio@aflamegroup.com<\/a><\/p>\t\t\t\t\t\t<\/div>\n\t\t\t\t<\/div>\n\t\t\t\t\t<\/div>\n\t\t<\/div>\n\t\t\t\t<div class=\"elementor-column elementor-col-50 elementor-inner-column elementor-element elementor-element-fe8a0af kitify-col-width-auto-no kitify-disable-relative-no\" data-id=\"fe8a0af\" data-element_type=\"column\">\n\t\t\t<div class=\"elementor-widget-wrap elementor-element-populated\">\n\t\t\t\t\t\t<div class=\"elementor-element elementor-element-62d3eb8 elementor-widget elementor-widget-text-editor\" data-id=\"62d3eb8\" data-element_type=\"widget\" data-widget_type=\"text-editor.default\">\n\t\t\t\t<div class=\"elementor-widget-container\">\n\t\t\t\t\t\t\t<p><strong>SOCIAL MEDIA<\/strong><\/p><p><a href=\"https:\/\/www.instagram.com\/aflamestudio\" target=\"_blank\" rel=\"noopener\">Instagram<\/a><\/p><p><a href=\"https:\/\/www.linkedin.com\/company\/aflamegroup\" target=\"_blank\" rel=\"noopener\">LinkedIn<\/a><\/p>\t\t\t\t\t\t<\/div>\n\t\t\t\t<\/div>\n\t\t\t\t\t<\/div>\n\t\t<\/div>\n\t\t\t\t\t<\/div>\n\t\t<\/section>\n\t\t\t\t\t<\/div>\n\t\t<\/div>\n\t\t\t\t\t<\/div>\n\t\t<\/section>\n\t\t\t\t<section class=\"elementor-section elementor-top-section elementor-element elementor-element-a2b0a3e elementor-section-boxed elementor-section-height-default elementor-section-height-default\" data-id=\"a2b0a3e\" data-element_type=\"section\">\n\t\t\t\t\t\t<div class=\"elementor-container elementor-column-gap-default\">\n\t\t\t\t\t<div class=\"elementor-column elementor-col-100 elementor-top-column elementor-element elementor-element-44c3eb9 kitify-col-width-auto-no kitify-disable-relative-no\" data-id=\"44c3eb9\" data-element_type=\"column\">\n\t\t\t<div class=\"elementor-widget-wrap elementor-element-populated\">\n\t\t\t\t\t\t<div class=\"elementor-element elementor-element-f792c98 elementor-view-default elementor-widget elementor-widget-icon\" data-id=\"f792c98\" data-element_type=\"widget\" data-widget_type=\"icon.default\">\n\t\t\t\t<div class=\"elementor-widget-container\">\n\t\t\t\t\t<div class=\"elementor-icon-wrapper\">\n\t\t\t<a class=\"elementor-icon\" href=\"#start-project-form\">\n\t\t\t<svg xmlns=\"http:\/\/www.w3.org\/2000\/svg\" width=\"93\" height=\"40\" viewBox=\"0 0 93 40\" fill=\"none\"><path d=\"M1 0.999998L46.5 39L92 1.00001\" stroke=\"black\"><\/path><\/svg>\t\t\t<\/a>\n\t\t<\/div>\n\t\t\t\t<\/div>\n\t\t\t\t<\/div>\n\t\t\t\t\t<\/div>\n\t\t<\/div>\n\t\t\t\t\t<\/div>\n\t\t<\/section>\n\t\t\t\t<section class=\"elementor-section elementor-top-section elementor-element elementor-element-78474f8 elementor-section-boxed elementor-section-height-default elementor-section-height-default\" data-id=\"78474f8\" data-element_type=\"section\" id=\"start-project-form\">\n\t\t\t\t\t\t<div class=\"elementor-container elementor-column-gap-default\">\n\t\t\t\t\t<div class=\"elementor-column elementor-col-100 elementor-top-column elementor-element elementor-element-d554292 kitify-col-width-auto-no kitify-disable-relative-no\" data-id=\"d554292\" data-element_type=\"column\">\n\t\t\t<div class=\"elementor-widget-wrap elementor-element-populated\">\n\t\t\t\t\t\t<section class=\"elementor-section elementor-inner-section elementor-element elementor-element-9734623 elementor-section-full_width elementor-section-height-default elementor-section-height-default\" data-id=\"9734623\" data-element_type=\"section\">\n\t\t\t\t\t\t<div class=\"elementor-container elementor-column-gap-default\">\n\t\t\t\t\t<div class=\"elementor-column elementor-col-50 elementor-inner-column elementor-element elementor-element-d63bffe kitify-col-width-auto-no kitify-disable-relative-no\" data-id=\"d63bffe\" data-element_type=\"column\">\n\t\t\t<div class=\"elementor-widget-wrap elementor-element-populated\">\n\t\t\t\t\t\t<div class=\"elementor-element elementor-element-3d61399 elementor-widget elementor-widget-heading\" data-id=\"3d61399\" data-element_type=\"widget\" data-widget_type=\"heading.default\">\n\t\t\t\t<div class=\"elementor-widget-container\">\n\t\t\t<h2 class=\"elementor-heading-title elementor-size-default\">Start a Project<\/h2>\t\t<\/div>\n\t\t\t\t<\/div>\n\t\t\t\t<div class=\"elementor-element elementor-element-d5170dc elementor-widget elementor-widget-text-editor\" data-id=\"d5170dc\" data-element_type=\"widget\" id=\"conocerte\" data-widget_type=\"text-editor.default\">\n\t\t\t\t<div class=\"elementor-widget-container\">\n\t\t\t\t\t\t\tNos encantar\u00eda conocer m\u00e1s\nsobre tu empresa y c\u00f3mo\npodemos ayudarte.\t\t\t\t\t\t<\/div>\n\t\t\t\t<\/div>\n\t\t\t\t\t<\/div>\n\t\t<\/div>\n\t\t\t\t<div class=\"elementor-column elementor-col-50 elementor-inner-column elementor-element elementor-element-1f08987 kitify-col-width-auto-no kitify-disable-relative-no\" data-id=\"1f08987\" data-element_type=\"column\">\n\t\t\t<div class=\"elementor-widget-wrap elementor-element-populated\">\n\t\t\t\t\t\t<div class=\"elementor-element elementor-element-5947fab elementor-widget kitify elementor-kitify-contactform7\" data-id=\"5947fab\" data-element_type=\"widget\" data-widget_type=\"kitify-contactform7.default\">\n\t\t\t\t<div class=\"elementor-widget-container\">\n\t\t\t\n<div class=\"wpcf7 no-js\" id=\"wpcf7-f3218-o1\" lang=\"en-US\" dir=\"ltr\">\n<div class=\"screen-reader-response\"><p role=\"status\" aria-live=\"polite\" aria-atomic=\"true\"><\/p> <ul><\/ul><\/div>\n<form action=\"\/studio\/wp-json\/wp\/v2\/pages\/69#wpcf7-f3218-o1\" method=\"post\" class=\"wpcf7-form init\" aria-label=\"Contact form\" novalidate=\"novalidate\" data-status=\"init\">\n<div style=\"display: none;\">\n<input type=\"hidden\" name=\"_wpcf7\" value=\"3218\" \/>\n<input type=\"hidden\" name=\"_wpcf7_version\" value=\"5.9.8\" \/>\n<input type=\"hidden\" name=\"_wpcf7_locale\" value=\"en_US\" \/>\n<input type=\"hidden\" name=\"_wpcf7_unit_tag\" value=\"wpcf7-f3218-o1\" \/>\n<input type=\"hidden\" name=\"_wpcf7_container_post\" value=\"0\" \/>\n<input type=\"hidden\" name=\"_wpcf7_posted_data_hash\" value=\"\" \/>\n<input type=\"hidden\" name=\"_wpcf7_recaptcha_response\" value=\"\" \/>\n<\/div>\n<div class=\"row-grid\">\n\t<div class=\"grid-x grid-padding-y grid-padding-x\">\n\t\t<div class=\"cell medium-12\">\n\t\t\t<p><span class=\"form-label-aflame\">Nombre*<\/span><br \/>\n<span class=\"wpcf7-form-control-wrap\" data-name=\"your-first-name\"><input size=\"40\" maxlength=\"400\" class=\"wpcf7-form-control wpcf7-text wpcf7-validates-as-required\" aria-required=\"true\" aria-invalid=\"false\" value=\"\" type=\"text\" name=\"your-first-name\" \/><\/span>\n\t\t\t<\/p>\n\t\t<\/div>\n\t\t<div class=\"cell medium-12\">\n\t\t\t<p><span class=\"form-label-aflame\">Apellido*<\/span><br \/>\n<span class=\"wpcf7-form-control-wrap\" data-name=\"your-last-name\"><input size=\"40\" maxlength=\"400\" class=\"wpcf7-form-control wpcf7-text wpcf7-validates-as-required\" aria-required=\"true\" aria-invalid=\"false\" value=\"\" type=\"text\" name=\"your-last-name\" \/><\/span>\n\t\t\t<\/p>\n\t\t<\/div>\n\t\t<div class=\"cell medium-12\">\n\t\t\t<p><span class=\"form-label-aflame\">E-mail*<\/span><br \/>\n<span class=\"wpcf7-form-control-wrap\" data-name=\"your-email\"><input size=\"40\" maxlength=\"400\" class=\"wpcf7-form-control wpcf7-email wpcf7-validates-as-required wpcf7-text wpcf7-validates-as-email\" aria-required=\"true\" aria-invalid=\"false\" value=\"\" type=\"email\" name=\"your-email\" \/><\/span>\n\t\t\t<\/p>\n\t\t<\/div>\n\t\t<div class=\"cell medium-12\">\n\t\t\t<p><span class=\"form-label-aflame\">\u00bfEn que servicio est\u00e1s interesado?*<\/span><br \/>\n<span class=\"wpcf7-form-control-wrap\" data-name=\"service\"><select class=\"wpcf7-form-control wpcf7-select wpcf7-validates-as-required\" aria-required=\"true\" aria-invalid=\"false\" name=\"service\"><option value=\"Branding\">Branding<\/option><option value=\"Producci\u00f3n\">Producci\u00f3n<\/option><option value=\"Web\">Web<\/option><option value=\"Comunicaci\u00f3n\">Comunicaci\u00f3n<\/option><\/select><\/span>\n\t\t\t<\/p>\n\t\t<\/div>\n\t\t<div class=\"cell medium-12\">\n\t\t\t<p><span class=\"form-label-aflame\">\u00bfHay algo que quieras comentarnos?<\/span><br \/>\n<span class=\"wpcf7-form-control-wrap\" data-name=\"your-message\"><textarea cols=\"40\" rows=\"10\" maxlength=\"2000\" class=\"wpcf7-form-control wpcf7-textarea\" aria-invalid=\"false\" name=\"your-message\"><\/textarea><\/span>\n\t\t\t<\/p>\n\t\t<\/div>\n\t\t<div class=\"cell medium-12\">\n\t\t\t<p><span class=\"form-label-aflame\">\u00bfC\u00f3mo nos has conocido?<\/span><br \/>\n<span class=\"wpcf7-form-control-wrap\" data-name=\"your-subject\"><input size=\"40\" maxlength=\"400\" class=\"wpcf7-form-control wpcf7-text\" aria-invalid=\"false\" value=\"\" type=\"text\" name=\"your-subject\" \/><\/span>\n\t\t\t<\/p>\n\t\t<\/div>\n\t\t<div class=\"cell medium-12\">\n\t\t\t<p><span class=\"wpcf7-form-control-wrap\" data-name=\"politicas-privacidad\"><span class=\"wpcf7-form-control wpcf7-acceptance\"><span class=\"wpcf7-list-item\"><label><input type=\"checkbox\" name=\"politicas-privacidad\" value=\"1\" aria-invalid=\"false\" \/><span class=\"wpcf7-list-item-label\">He le\u00eddo y acepto las <a href=\"\/politicas-de-privacidad\" target=\"_blank\">Pol\u00edtica de Privacidad<\/a><\/span><\/label><\/span><\/span><\/span>\n\t\t\t<\/p>\n\t\t\t<div class=\"cell medium-12 recaptcha\">\n\t\t\t<span class=\"wpcf7-form-control-wrap recaptcha\" data-name=\"recaptcha\"><span data-sitekey=\"6Lcrj7UrAAAAAGLARLQFU7vS4PliLwHFj_CWjXYU\" class=\"wpcf7-form-control wpcf7-recaptcha g-recaptcha\"><\/span>\r\n<noscript>\r\n\t<div class=\"grecaptcha-noscript\">\r\n\t\t<iframe src=\"https:\/\/www.google.com\/recaptcha\/api\/fallback?k=6Lcrj7UrAAAAAGLARLQFU7vS4PliLwHFj_CWjXYU\" frameborder=\"0\" scrolling=\"no\" width=\"310\" height=\"430\">\r\n\t\t<\/iframe>\r\n\t\t<textarea name=\"g-recaptcha-response\" rows=\"3\" cols=\"40\" placeholder=\"reCaptcha Response Here\">\r\n\t\t<\/textarea>\r\n\t<\/div>\r\n<\/noscript>\r\n<\/span>\n\t\t\t<\/div>\n\t\t<\/div>\n\t<\/div>\n\t<div class=\"row align-spaced align-middle\">\n\t\t<div class=\"medium-4 align-left flex-dir-column\">\n\t\t\t<p><input class=\"wpcf7-form-control wpcf7-submit has-spinner\" type=\"submit\" value=\"Enviar\" \/>\n\t\t\t<\/p>\n\t\t<\/div>\n\t<\/div>\n<\/div><input type='hidden' class='wpcf7-pum' value='{\"closepopup\":false,\"closedelay\":0,\"openpopup\":false,\"openpopup_id\":3811}' \/><div class=\"wpcf7-response-output\" aria-hidden=\"true\"><\/div>\n<\/form>\n<\/div>\n\t\t<\/div>\n\t\t\t\t<\/div>\n\t\t\t\t\t<\/div>\n\t\t<\/div>\n\t\t\t\t\t<\/div>\n\t\t<\/section>\n\t\t\t\t\t<\/div>\n\t\t<\/div>\n\t\t\t\t\t<\/div>\n\t\t<\/section>\n\t\t\t\t<\/div>\n\t\t","protected":false},"excerpt":{"rendered":"<p>Let&#8217;s Talk Si tienes preguntas o necesitas saber m\u00e1s, por favor completa este formulario para solicitar la informaci\u00f3n que necesitas. Ser\u00e1 un placer ayudarte. FIND US C\/ Gran V\u00eda 17A, 3 28013, Madrid Espa\u00f1a +34 676 731 824 studio@aflamegroup.com SOCIAL MEDIA Instagram LinkedIn Start a Project Nos encantar\u00eda conocer m\u00e1s sobre tu empresa y c\u00f3mo podemos ayudarte. Nombre* Apellido* E-mail*\u2026<\/p>\n","protected":false},"author":1,"featured_media":0,"parent":0,"menu_order":0,"comment_status":"closed","ping_status":"closed","template":"","meta":{"_joinchat":[],"footnotes":""},"class_list":["post-69","page","type-page","status-publish","hentry"],"yoast_head":"<!-- This site is optimized with the Yoast SEO plugin v23.7 - https:\/\/yoast.com\/wordpress\/plugins\/seo\/ -->\n<title>Contacto - Aflame Studio<\/title>\n<meta name=\"robots\" content=\"index, follow, max-snippet:-1, max-image-preview:large, max-video-preview:-1\" \/>\n<link rel=\"canonical\" href=\"https:\/\/aflamegroup.com\/studio\/contacto\/\" \/>\n<meta property=\"og:locale\" content=\"es_ES\" \/>\n<meta property=\"og:type\" content=\"article\" \/>\n<meta property=\"og:title\" content=\"Contacto - Aflame Studio\" \/>\n<meta property=\"og:description\" content=\"Let&#8217;s Talk Si tienes preguntas o necesitas saber m\u00e1s, por favor completa este formulario para solicitar la informaci\u00f3n que necesitas. Ser\u00e1 un placer ayudarte. FIND US C\/ Gran V\u00eda 17A, 3 28013, Madrid Espa\u00f1a +34 676 731 824 studio@aflamegroup.com SOCIAL MEDIA Instagram LinkedIn Start a Project Nos encantar\u00eda conocer m\u00e1s sobre tu empresa y c\u00f3mo podemos ayudarte. Nombre* Apellido* E-mail*\u2026\" \/>\n<meta property=\"og:url\" content=\"https:\/\/aflamegroup.com\/studio\/contacto\/\" \/>\n<meta property=\"og:site_name\" content=\"Aflame Studio\" \/>\n<meta property=\"article:modified_time\" content=\"2024-10-23T12:52:15+00:00\" \/>\n<meta name=\"twitter:card\" content=\"summary_large_image\" \/>\n<meta name=\"twitter:label1\" content=\"Tiempo de lectura\" \/>\n\t<meta name=\"twitter:data1\" content=\"1 minuto\" \/>\n<script type=\"application\/ld+json\" class=\"yoast-schema-graph\">{\"@context\":\"https:\/\/schema.org\",\"@graph\":[{\"@type\":\"WebPage\",\"@id\":\"https:\/\/aflamegroup.com\/studio\/contacto\/\",\"url\":\"https:\/\/aflamegroup.com\/studio\/contacto\/\",\"name\":\"Contacto - Aflame Studio\",\"isPartOf\":{\"@id\":\"https:\/\/aflamegroup.com\/studio\/#website\"},\"datePublished\":\"2021-06-07T08:52:21+00:00\",\"dateModified\":\"2024-10-23T12:52:15+00:00\",\"breadcrumb\":{\"@id\":\"https:\/\/aflamegroup.com\/studio\/contacto\/#breadcrumb\"},\"inLanguage\":\"es\",\"potentialAction\":[{\"@type\":\"ReadAction\",\"target\":[\"https:\/\/aflamegroup.com\/studio\/contacto\/\"]}]},{\"@type\":\"BreadcrumbList\",\"@id\":\"https:\/\/aflamegroup.com\/studio\/contacto\/#breadcrumb\",\"itemListElement\":[{\"@type\":\"ListItem\",\"position\":1,\"name\":\"Portada\",\"item\":\"https:\/\/aflamegroup.es\/studio\/\"},{\"@type\":\"ListItem\",\"position\":2,\"name\":\"Contacto\"}]},{\"@type\":\"WebSite\",\"@id\":\"https:\/\/aflamegroup.com\/studio\/#website\",\"url\":\"https:\/\/aflamegroup.com\/studio\/\",\"name\":\"Aflame Studio\",\"description\":\"\",\"potentialAction\":[{\"@type\":\"SearchAction\",\"target\":{\"@type\":\"EntryPoint\",\"urlTemplate\":\"https:\/\/aflamegroup.com\/studio\/?s={search_term_string}\"},\"query-input\":{\"@type\":\"PropertyValueSpecification\",\"valueRequired\":true,\"valueName\":\"search_term_string\"}}],\"inLanguage\":\"es\"}]}<\/script>\n<!-- \/ Yoast SEO plugin. -->","yoast_head_json":{"title":"Contacto - Aflame Studio","robots":{"index":"index","follow":"follow","max-snippet":"max-snippet:-1","max-image-preview":"max-image-preview:large","max-video-preview":"max-video-preview:-1"},"canonical":"https:\/\/aflamegroup.com\/studio\/contacto\/","og_locale":"es_ES","og_type":"article","og_title":"Contacto - Aflame Studio","og_description":"Let&#8217;s Talk Si tienes preguntas o necesitas saber m\u00e1s, por favor completa este formulario para solicitar la informaci\u00f3n que necesitas. Ser\u00e1 un placer ayudarte. FIND US C\/ Gran V\u00eda 17A, 3 28013, Madrid Espa\u00f1a +34 676 731 824 studio@aflamegroup.com SOCIAL MEDIA Instagram LinkedIn Start a Project Nos encantar\u00eda conocer m\u00e1s sobre tu empresa y c\u00f3mo podemos ayudarte. Nombre* Apellido* E-mail*\u2026","og_url":"https:\/\/aflamegroup.com\/studio\/contacto\/","og_site_name":"Aflame Studio","article_modified_time":"2024-10-23T12:52:15+00:00","twitter_card":"summary_large_image","twitter_misc":{"Tiempo de lectura":"1 minuto"},"schema":{"@context":"https:\/\/schema.org","@graph":[{"@type":"WebPage","@id":"https:\/\/aflamegroup.com\/studio\/contacto\/","url":"https:\/\/aflamegroup.com\/studio\/contacto\/","name":"Contacto - Aflame Studio","isPartOf":{"@id":"https:\/\/aflamegroup.com\/studio\/#website"},"datePublished":"2021-06-07T08:52:21+00:00","dateModified":"2024-10-23T12:52:15+00:00","breadcrumb":{"@id":"https:\/\/aflamegroup.com\/studio\/contacto\/#breadcrumb"},"inLanguage":"es","potentialAction":[{"@type":"ReadAction","target":["https:\/\/aflamegroup.com\/studio\/contacto\/"]}]},{"@type":"BreadcrumbList","@id":"https:\/\/aflamegroup.com\/studio\/contacto\/#breadcrumb","itemListElement":[{"@type":"ListItem","position":1,"name":"Portada","item":"https:\/\/aflamegroup.es\/studio\/"},{"@type":"ListItem","position":2,"name":"Contacto"}]},{"@type":"WebSite","@id":"https:\/\/aflamegroup.com\/studio\/#website","url":"https:\/\/aflamegroup.com\/studio\/","name":"Aflame Studio","description":"","potentialAction":[{"@type":"SearchAction","target":{"@type":"EntryPoint","urlTemplate":"https:\/\/aflamegroup.com\/studio\/?s={search_term_string}"},"query-input":{"@type":"PropertyValueSpecification","valueRequired":true,"valueName":"search_term_string"}}],"inLanguage":"es"}]}},"_links":{"self":[{"href":"https:\/\/aflamegroup.com\/studio\/wp-json\/wp\/v2\/pages\/69","targetHints":{"allow":["GET"]}}],"collection":[{"href":"https:\/\/aflamegroup.com\/studio\/wp-json\/wp\/v2\/pages"}],"about":[{"href":"https:\/\/aflamegroup.com\/studio\/wp-json\/wp\/v2\/types\/page"}],"author":[{"embeddable":true,"href":"https:\/\/aflamegroup.com\/studio\/wp-json\/wp\/v2\/users\/1"}],"replies":[{"embeddable":true,"href":"https:\/\/aflamegroup.com\/studio\/wp-json\/wp\/v2\/comments?post=69"}],"version-history":[{"count":75,"href":"https:\/\/aflamegroup.com\/studio\/wp-json\/wp\/v2\/pages\/69\/revisions"}],"predecessor-version":[{"id":4903,"href":"https:\/\/aflamegroup.com\/studio\/wp-json\/wp\/v2\/pages\/69\/revisions\/4903"}],"wp:attachment":[{"href":"https:\/\/aflamegroup.com\/studio\/wp-json\/wp\/v2\/media?parent=69"}],"curies":[{"name":"wp","href":"https:\/\/api.w.org\/{rel}","templated":true}]}}